e highest common divisor of 2 and o.
2
Suppose -6*x + 3*x = -39. Let v = 14 - x. Calculate the highest common divisor of 1 and v.
1
Suppose 5*r + 126 = 156. Calculate the highest common divisor of 21 and r.
3
Suppose 80*z = 84*z - 104. Let u(p) = 5*p**2 - 2*p + 1. Let y be u(-3). Calculate the greatest common factor of y and z.
26
Let j(z) = 57*z**3 - 2*z**2 + z. Suppose -3*u - 2*d = -13, -3*d + 6 = u - 2*d. Let f be j(u). What is the highest common factor of f and 8?
8
Let i(b) = -b**3 - 6*b**2 + b + 8. Let h be i(-6). Let g(v) = -v**3 + v + 22. Let q be g(0). Calculate the highest common divisor of h and q.
2
Suppose -f + 28 = f + m, 2*f - 36 = 3*m. Suppose 3*s + 3*g - 504 = 0, -g = -4*s + s + 492. What is the highest common divisor of s and f?
15
Suppose 2*b + 4 = -2, h + 2*b = 62. Suppose -u - 3*t = u - h, 4*u - t = 108. Calculate the greatest common factor of 14 and u.
14
Let b = 111 - 89. Let q = 76 - 112. Let d = -25 - q. What is the highest common factor of d and b?
11
Let b(o) = o + 13. Let w be b(0). Calculate the greatest common divisor of 65 and w.
13
Let k = -6 - -14. Suppose h + m - 20 = -h, 2*m + k = 0. What is the greatest common divisor of 60 and h?
12
Let o be (-6)/9*17*9/(-6). What is the greatest common factor of o and 51?
17
Suppose 27 + 13 = 4*g. Let d be ((-30)/25)/((-4)/g). Calculate the greatest common divisor of d and 9.
3
Let a = -5 + 9. Let s be (-14)/(-8) + 1/4. Suppose -5*z - 4 = -z, 4*d - 174 = -s*z. What is the greatest common factor of a and d?
4
Let l(g) = 2 + 4*g**2 - g**3 - 4*g**2 - 6*g**2. Let z be l(-6). Let x be 11 - (z*-2)/2. Calculate the highest common factor of x and 143.
13
Suppose -2*o + o = -3. Suppose -3*p + 147 = 3*m, -5*p - o*m + 9 = -242. Calculate the greatest common divisor of 13 and p.
13
Suppose 12 = -4*b - 2*n, -b = -4*b + 2*n - 9. Let r be (-2)/2 - 0 - b. What is the highest common divisor of r and 3?
1
Let r(o) = -7*o. Let h be r(-6). Calculate the greatest common factor of h and 336.
42
Let p(v) = v**3 + 10*v**2 - 13*v - 2. Let u(g) = -3*g + 1. Let j be u(4). Let i be p(j). What is the greatest common divisor of i and 200?
20
Suppose -5*x + x = 2*p - 48, 0 = 5*p - 4*x - 120. What is the greatest common divisor of p and 3?
3
Suppose 4*h - 4*g - 222 = 2*h, 0 = 5*g - 15. Suppose j = -2*j + h. What is the highest common divisor of 26 and j?
13
Suppose -2*t + 8 = 0, 2*k = 6*k + 4*t - 196. Let r(l) = -l**2 + 12*l - 11. Let w be r(10). Calculate the greatest common divisor of k and w.
9
Let n(q) = q**3 - 5*q**2 - 3*q + 4. Let l be n(6). Calculate the highest common divisor of l and 2.
2
Let t = 81 + -41. Calculate the greatest common divisor of t and 16.
8
Suppose 0*x - 4 = -2*j + 5*x, 0 = -x. Calculate the greatest common divisor of j and 18.
2
Suppose -3*u = -a + 35, -u - 25 = 2*a - 3*a. Suppose -g - 4*g = -a. Let o(b) = 2*b. Let q be o(g). What is the greatest common divisor of q and 20?
4
Suppose h + 15 = 2*h. Let n(m) = m**3 - 8*m**2 + 5. Let r be n(8). Calculate the greatest common factor of h and r.
5
Let h be 169/9 + 28/126. What is the greatest common factor of h and 171?
19
Let y(a) = -a**3 + 4*a - 4. Let g be y(2). Let l be 6/g - (-333)/2. Calculate the greatest common factor of l and 15.
15
Let r be 2 - (0/1)/1. What is the greatest common factor of r and 8?
2
Let r be (1 + 1)*135/6. What is the highest common divisor of 18 and r?
9
Suppose -13 = -3*z + 17. What is the greatest common factor of 70 and z?
10
Let v be -1*(0 + (0 - -1)). Let o be ((-6)/12)/(v/110). Calculate the greatest common factor of o and 22.
11
Suppose -v + 6 = 1, 5*j + 10 = 3*v. Let t be (-96)/(-2) - (0 - j). Calculate the greatest common factor of t and 7.
7
Suppose 2*v - 22 = -3*g, 8 = 3*v - 7. Suppose -g*z = -27 - 37. Suppose -w = -5*w + 96. Calculate the greatest common divisor of w and z.
8
Let q = 3 - -1. Suppose y + 12 = -q*u - 9, -5*u - 5 = -3*y. Let i = y - -35. Calculate the highest common factor of i and 15.
15
Suppose -3*k + 0*k = -63. Suppose -48*i = -47*i - 14. Calculate the greatest common factor of k and i.
7
Let b(p) = -6*p. Let h be b(-3). Suppose -s - 4 = -0*s, 2*r = s + 76. What is the greatest common factor of r and h?
18
Let v = -8 - -13. Suppose 0 = 4*r + r + 4*a - 39, a - 51 = -v*r. What is the greatest common factor of r and 110?
11
Suppose -2*o - o - 33 = 0. Let g be o*(9/3 + 0). Let r = -20 - g. What is the highest common divisor of 39 and r?
13
Let d(t) = 2*t + 8. Let p be d(4). What is the greatest common divisor of p and 2?
2
Let o(s) = s**3 - 2*s**2 + 2. Let m be o(3). Suppose 5*h - 3 = 12. Suppose -h*r - m = -71. What is the highest common divisor of r and 10?
10
Let n be (20/(-8))/(2/(-4)). What is the greatest common factor of n and 1?
1
Let f be (70/5)/((-4)/(-26)). Calculate the greatest common factor of 13 and f.
13
Let r(y) = y**3 + 10*y**2 + 15*y + 4. Let i be r(-8). Calculate the highest common divisor of i and 12.
12
Suppose -2*k + 4*k = 48. What is the highest common divisor of 36 and k?
12
Suppose -14*t + 1728 = -8*t. What is the highest common divisor of 36 and t?
36
Suppose -6 = 2*p, 4*w - 6 = 3*w + p. Suppose w*i + i - 340 = 0. What is the greatest common factor of i and 17?
17
Let g be (-2730)/(-28)*(-2)/(-3). Suppose 9*s - 4*s = -4*a + 84, -4*s = -3*a + 94. What is the highest common factor of a and g?
13
Let s(g) = -7*g + 5. Let j be s(-4). Let k be 8/(-3)*189/(-18). Suppose 4*t = -4*h + k, -3*t + 19 - 7 = 0. Calculate the greatest common divisor of h and j.
3
Let p = -15 - -58. Let y = -14 + p. Let k = y - 13. Calculate the greatest common divisor of 64 and k.
16
Let c = -11 + 5. Let p be (-3)/c*14*4. What is the highest common factor of p and 14?
14
Let r(n) = n**2 - n + 128. Let d be 1 + 1/(1 - 2). Let j be r(d). What is the greatest common divisor of j and 16?
16
Let f be (-1 - -2) + (2 - 3). Suppose f = -c + 5 - 1. Let n be c/(-18) + (-4768)/(-72). Calculate the greatest common divisor of n and 6.
6
Suppose 4*f - 5*f + 5 = 0. Calculate the greatest common factor of f and 35.
5
Let h(i) = -5*i**2 - i - 2. Let g(y) = -y**2 + y + 1. Let f(m) = -g(m) - h(m). Let c be f(-2). What is the greatest common divisor of c and 10?
5
Let x = 84 + -46. Calculate the highest common divisor of x and 19.
19
Let l be (-2)/(-4) - (-3)/2. Suppose 3*n - 5 = 2*t + 15, -5*n + 33 = -3*t. Suppose -n*h = -l*h - 84. What is the greatest common factor of 14 and h?
7
Let l(v) = v**3 - 24*v**2 + 3*v - 7. Let r be l(24). Let s(h) = h**2 + 13. Let f be s(0). Calculate the highest common factor of r and f.
13
Let p(s) = -s**3 + 8*s**2 + 5*s - 1. Let x be p(8). Let q = 59 - x. Suppose 3*t + t = 880. Calculate the greatest common factor of q and t.
20
Suppose v - 4*u + 18 = 0, 3*u - 8*u = -5*v - 15. Let i be (-132)/6*5/v. Let p = i + 85. What is the highest common factor of p and 20?
10
Suppose 2*l = 2, -l + 2*l + 35 = 3*o. What is the highest common divisor of 3 and o?
3
Let f = 115 - 52. Calculate the highest common divisor of f and 9.
9
Let t = 222 + -132. Suppose 3*s = -2*c + 17, 2*c + 3*c - 14 = 2*s. Let y be (104/4)/2 - s. What is the greatest common divisor of y and t?
10
Suppose 2*x + 4 = f - 3, -5*f + 17 = -4*x. Let p be (f + 576/(-4))/(-1). What is the highest common divisor of p and 13?
13
Let m be ((-3)/6 + -1)*-2. What is the highest common factor of m and 33?
3
Let v = -10 + -2. Let u(a) = -a**3 - 11*a**2 + 12*a + 7. Let t be u(v). Calculate the highest common divisor of 42 and t.
7
Let n be -54*(1 - 20/15). What is the greatest common divisor of 162 and n?
18
Let n(t) = t**2 + 4*t + 4. Let b be n(-5). What is the highest common factor of b and 81?
9
Suppose 2*p = -0*p + 74. Suppose -2 = -m - 4*g - 13, -3*m + 2*g = -p. Calculate the greatest common factor of 45 and m.
9
Suppose 20 = 11*m - 57. What is the highest common divisor of 7 and m?
7
Let z(a) = 35*a - 5. Let d be z(4). Calculate the highest common factor of 54 and d.
27
Suppose 0 = 4*w + w. Suppose -5*a - 5*s = -240, 2*a + 3*s - 92 = -w*a. Calculate the greatest common divisor of a and 130.
26
Let u = 85 - 53. Let d = u - 15. Let t be 1*(104 - 0 - 2). What is the highest common divisor of d and t?
17
Let g be 6/(-18) - (-22)/3. Suppose w - 20 = -g. Suppose -2*l + 180 = m, 3*l - 6*l + 279 = -3*m. Calculate the greates